late the highest common factor of 96 and 498.
6
Calculate the highest common factor of 5473 and 13.
13
Calculate the highest common divisor of 116 and 16.
4
What is the greatest common factor of 6528 and 255?
51
Calculate the greatest common divisor of 1325 and 424.
53
What is the greatest common factor of 30 and 6430?
10
Calculate the highest common factor of 518 and 666.
74
What is the greatest common factor of 540 and 702?
54
What is the greatest common divisor of 1204 and 56?
28
What is the highest common factor of 119 and 14?
7
Calculate the greatest common factor of 232 and 16.
8
What is the highest common divisor of 8673 and 294?
147
Calculate the highest common factor of 48 and 216.
24
Calculate the greatest common divisor of 7656 and 2376.
264
What is the highest common divisor of 208 and 32?
16
What is the highest common divisor of 11328 and 60?
12
What is the highest common divisor of 124 and 155?
31
Calculate the greatest common divisor of 18 and 72.
18
Calculate the highest common factor of 45 and 108.
9
What is the highest common factor of 46 and 4?
2
What is the highest common divisor of 16 and 5256?
8
Calculate the greatest common divisor of 1182 and 6.
6
What is the greatest common divisor of 1128 and 423?
141
What is the greatest common factor of 3979 and 46?
23
Calculate the greatest common divisor of 144 and 18.
18
Calculate the greatest common divisor of 56 and 9436.
28
What is the greatest common factor of 91 and 1079?
13
What is the greatest common factor of 185 and 296?
37
What is the greatest common divisor of 301 and 3182?
43
Calculate the highest common divisor of 2 and 98.
2
Calculate the highest common factor of 26795 and 115.
115
What is the greatest common factor of 735 and 1225?
245
What is the highest common factor of 348 and 636?
12
What is the greatest common factor of 84 and 228?
12
What is the highest common divisor of 20 and 6130?
10
What is the highest common divisor of 9468 and 54?
18
What is the highest common divisor of 123 and 4879?
41
Calculate the greatest common factor of 35 and 875.
35
What is the highest common divisor of 3880 and 679?
97
What is the highest common divisor of 204 and 132?
12
Calculate the highest common divisor of 131112 and 216.
216
What is the highest common divisor of 54 and 432?
54
What is the greatest common factor of 686 and 196?
98
What is the highest common factor of 60 and 405?
15
Calculate the greatest common divisor of 45 and 5931.
9
What is the highest common factor of 2 and 43?
1
Calculate the greatest common divisor of 330 and 15.
15
What is the greatest common factor of 292 and 1898?
146
Calculate the greatest common divisor of 6 and 321.
3
What is the highest common divisor of 1128 and 312?
24
Calculate the greatest common divisor of 56 and 4130.
14
What is the greatest common divisor of 84 and 168?
84
What is the highest common factor of 2695 and 10?
5
What is the highest common factor of 3450 and 45?
15
What is the highest common divisor of 532 and 608?
76
What is the greatest common factor of 8 and 5000?
8
Calculate the highest common divisor of 39 and 18681.
39
Calculate the highest common factor of 2760 and 46.
46
Calculate the greatest common divisor of 132 and 528.
132
Calculate the highest common divisor of 84 and 602.
14
Calculate the greatest common divisor of 228 and 1292.
76
What is the greatest common factor of 949 and 2117?
73
Calculate the greatest common factor of 492 and 18.
6
Calculate the greatest common divisor of 18 and 30.
6
What is the highest common divisor of 136 and 2924?
68
What is the greatest common divisor of 3901 and 83?
83
Calculate the highest common factor of 264 and 72.
24
Calculate the highest common factor of 39 and 78.
39
What is the greatest common divisor of 34 and 1326?
34
Calculate the highest common divisor of 3056 and 573.
191
What is the highest common divisor of 6 and 412?
2
What is the highest common divisor of 155 and 4805?
155
What is the greatest common factor of 3 and 10?
1
Calculate the greatest common divisor of 2482 and 1606.
146
Calculate the highest common factor of 9 and 1179.
9
What is the greatest common divisor of 82 and 164?
82
What is the greatest common factor of 69 and 115?
23
Calculate the highest common divisor of 4745 and 975.
65
Calculate the highest common factor of 140 and 490.
70
What is the highest common divisor of 189 and 135?
27
What is the highest common factor of 10 and 90?
10
What is the highest common factor of 682 and 124?
62
What is the greatest common divisor of 3738 and 294?
42
Calculate the greatest common divisor of 720 and 45.
45
What is the greatest common divisor of 10 and 1070?
10
Calculate the greatest common divisor of 14 and 1246.
14
What is the highest common divisor of 767 and 39?
13
What is the greatest common factor of 156 and 52?
52
What is the highest common divisor of 316 and 32?
4
Calculate the greatest common factor of 58 and 2842.
58
What is the greatest common factor of 106 and 62?
2
What is the greatest common factor of 1032 and 96?
24
Calculate the greatest common divisor of 121 and 8.
1
Calculate the greatest common factor of 395 and 3871.
79
Calculate the highest common divisor of 8 and 7706.
2
What is the highest common divisor of 105 and 1533?
21
What is the highest common factor of 42 and 16212?
42
Calculate the highest common factor of 332 and 1245.
83
Calculate the greatest common factor of 9 and 441.
9
What is the highest common divisor of 81 and 351?
27
Calculate the highest common divisor of 110 and 21142.
22
What is the highest common divisor of 73 and 584?
73
What is the highest common divisor of 78 and 2262?
78
What is the highest common divisor of 115747 and 409?
409
Calculate the greatest common factor of 6 and 1662.
6
Calculate the greatest common factor of 111 and 2109.
111
What is the greatest common divisor of 968 and 6050?
242
Calculate the greatest common divisor of 44 and 7172.
44
Calculate the highest common divisor of 52 and 221.
13
What is the highest common divisor of 87 and 986?
29
What is the greatest common divisor of 330 and 510?
30
What is the greatest common divisor of 290 and 90?
10
Calculate the greatest common divisor of 112 and 210.
14
What is the greatest common divisor of 12869 and 51?
17
Calculate the greatest common divisor of 992 and 96.
32
Calculate the greatest common factor of 548 and 6.
2
What is the highest common factor of 9 and 5337?
9
Calculate the greatest common factor of 75 and 625.
25
Calculate the highest common factor of 77 and 33.
11
What is the greatest common divisor of 1134 and 126?
126
What is the greatest common divisor of 1500 and 660?
60
Calculate the highest common factor of 2629 and 3107.
239
Calculate the highest common divisor of 235 and 225.
5
Calculate the greatest common divisor of 30 and 3234.
6
Calculate the highest common divisor of 185 and 481.
37
Calculate the greatest common divisor of 453 and 3.
3
What is the greatest common factor of 4747 and 404?
101
Calculate the highest common divisor of 14 and 770.
14
What is the greatest common factor of 80 and 250?
10
Calculate the highest common factor of 460 and 276.
92
Calculate the greatest common divisor of 539 and 490.
49
What is the highest common factor of 50 and 775?
25
What is the highest common factor of 48 and 18?
6
What is the highest common divisor of 528 and 1296?
48
What is the greatest common divisor of 222 and 6?
6
What is the highest common factor of 207 and 36?
9
Calculate the greatest common factor of 96 and 64.
32
What is the greatest common divisor of 425 and 799?
17
Calculate the greatest common divisor of 7146 and 18.
18
What is the greatest common divisor of 434 and 744?
62
Calculate the highest common factor of 1703 and 533.
13
Calculate the highest common divisor of 468 and 132.
12
Calculate the greatest common divisor of 16 and 832.
16
Calculate the highest common factor of 69 and 368.
23
What is the greatest common factor of 6963 and 33?
33
What is the highest common divisor of 117 and 39?
39
Calculate the greatest common factor of 219 and 12.
3
What is the greatest common divisor of 570 and 1045?
95
What is the greatest common factor of 71 and 355?
71
What is the greatest common factor of 10 and 4860?
10
Calcu